{"id":7837,"date":"2020-09-14T12:42:28","date_gmt":"2020-09-14T10:42:28","guid":{"rendered":"https:\/\/www.xunzel.com\/store\/?page_id=7837"},"modified":"2026-02-16T11:17:52","modified_gmt":"2026-02-16T10:17:52","slug":"microsolar","status":"publish","type":"page","link":"https:\/\/www.xunzel.com\/store\/microsolar\/","title":{"rendered":"MICROSOLAR\u2122"},"content":{"rendered":"<div class=\"wpb-content-wrapper\"><p>[vc_row full_width=&#8221;stretch_row&#8221; css=&#8221;.vc_custom_1613030957251{background-color: #000000 !important;}&#8221;][vc_column]<div style=\"width:100%;\" class=\"cqtooltip-wrapper \" data-opacity=\"1\" data-tooltipanimation=\"grow\" data-tooltipstyle=\"shadow\" data-trigger=\"\" data-maxwidth=\"240\" data-marginoffset=\"\" data-isdisplayall=\"off\" data-displayednum=\"1\"><img decoding=\"async\" src=\"https:\/\/www.xunzel.com\/store\/wp-content\/uploads\/2021\/02\/Microsolar_Series.jpg\" alt=\"\" \/><div class=\"cq-hotspots\"><div class=\"hotspot-item pulse-white \" style=\"top:50%;left:30%;\" data-top=\"50%\" data-left=\"30%\"><a href=\"#\" class=\"cq-tooltip\" style=\"background:rgba(0,0,0,0.8);\" data-tooltip=\"\n&lt;strong&gt;Paneles solares fotovoltaicos&lt;\/strong&gt;&lt;br \/&gt;\n&lt;strong&gt;de altas prestaciones MICROSOLAR\u2122&lt;\/strong&gt;&lt;br \/&gt;\npara dar energ\u00eda a tus creaciones\" data-arrowposition=\"\"><span style=\"background:#ffffff;\"><\/span><\/a><\/div><div class=\"hotspot-item pulse-white \" style=\"top:40%;left:60%;\" data-top=\"40%\" data-left=\"60%\"><a href=\"#\" class=\"cq-tooltip\" style=\"background:rgba(0,0,0,0.8);\" data-tooltip=\"\n&lt;strong&gt;Bater\u00edas solares&lt;\/strong&gt; especialmente&lt;br \/&gt;\ndise\u00f1adas para optimizar tu&lt;br \/&gt;\nsistema solar\" data-arrowposition=\"top\"><span style=\"background:#ffffff;\"><\/span><\/a><\/div><div class=\"hotspot-item pulse-white \" style=\"top:65%;left:60%;\" data-top=\"65%\" data-left=\"60%\"><a href=\"#\" class=\"cq-tooltip\" style=\"background:rgba(0,0,0,0.8);\" data-tooltip=\"\n&lt;strong&gt;Electr\u00f3nica de Control &lt;\/strong&gt;de la&lt;br \/&gt;\nenerg\u00eda solar de alta eficiencia\" data-arrowposition=\"top\"><span style=\"background:#ffffff;\"><\/span><\/a><\/div><\/div><\/div>[\/vc_column][\/vc_row][vc_row css=&#8221;.vc_custom_1612443448868{margin-top: 30px !important;}&#8221;][vc_column width=&#8221;1\/2&#8243;][vc_custom_heading text=&#8221;MICROSOLAR\u2122 Panel Series&#8221; font_container=&#8221;tag:h2|text_align:left|color:%23ee7401&#8243; google_fonts=&#8221;font_family:Raleway%3A100%2C200%2C300%2Cregular%2C500%2C600%2C700%2C800%2C900|font_style:400%20regular%3A400%3Anormal&#8221; link=&#8221;url:https%3A%2F%2Fwww.xunzel.com%2Fstore%2Fcategoria-producto%2Fmicrosolar%2Fmicrosolar-panel-series%2F&#8221;][vc_column_text]<strong>Micro Paneles Solares Fotovoltaicos de alta eficiencia para carga de bater\u00edas.<\/strong><\/p>\n<p>Dise\u00f1ados y fabricados especialmente para carga de bater\u00edas en sistemas aislados. F\u00e1cil conexi\u00f3n.<br \/>\nConstruidos con materiales y componentes de excelente calidad y resistencia para una larga vida \u00fatil.<\/p>\n<p><strong>Amplio rango de tensiones y potencias de carga. Dise\u00f1os para todo tipo de bater\u00edas recargables: NiMH, NiCd, Litio,\u2026<\/strong>[\/vc_column_text][mvc_advanced_button btn_animation=&#8221;button&#8211;ujarak&#8221; btn_text=&#8221;MICROSOLAR\u2122 Panel Series&#8221; padding_top=&#8221;5&#8243; padding_left=&#8221;&#8221; border_style=&#8221;solid&#8221; border_width=&#8221;1&#8243; btn_size=&#8221;14&#8243; use_theme_fonts=&#8221;yes&#8221; btn_url=&#8221;url:https%3A%2F%2Fwww.xunzel.com%2Fstore%2Fcategoria-producto%2Fmicrosolar%2Fmicrosolar-panel-series%2F|||&#8221; btn_clr=&#8221;#000000&#8243; btn_bg=&#8221;#ffffff&#8221; btn_hvrclr=&#8221;#ffffff&#8221; btn_hvrbg=&#8221;#000000&#8243; btn_border=&#8221;#000000&#8243; btn_radius=&#8221;0&#8243;][vc_empty_space height=&#8221;5px&#8221;][mvc_advanced_button btn_animation=&#8221;button&#8211;ujarak&#8221; btn_text=&#8221;MICROSOLAR\u2122 Panel Datasheet&#8221; padding_top=&#8221;5&#8243; padding_left=&#8221;&#8221; border_style=&#8221;solid&#8221; border_width=&#8221;1&#8243; btn_size=&#8221;14&#8243; use_theme_fonts=&#8221;yes&#8221; btn_url=&#8221;url:https%3A%2F%2Fwww.xunzel.com%2Fstore%2Fwp-content%2Fuploads%2Fshared-files%2FMICROSOLAR-Series-_-XUNZEL-_nE03.pdf|target:_blank&#8221; btn_clr=&#8221;#000000&#8243; btn_bg=&#8221;#ffffff&#8221; btn_hvrclr=&#8221;#ffffff&#8221; btn_hvrbg=&#8221;#000000&#8243; btn_border=&#8221;#000000&#8243; btn_radius=&#8221;0&#8243; caption_url=&#8221;&#8221; caption_urls=&#8221;&#8221; caption_urlss=&#8221;&#8221;][vc_row_inner][vc_column_inner][\/vc_column_inner][\/vc_row_inner][\/vc_column][vc_column width=&#8221;1\/2&#8243;][vc_single_image image=&#8221;10475&#8243; img_size=&#8221;515&#215;515&#8243; onclick=&#8221;link_image&#8221;][\/vc_column][\/vc_row][vc_row gap=&#8221;5&#8243; css=&#8221;.vc_custom_1612442206453{margin-top: 15px !important;margin-bottom: 15px !important;}&#8221;][vc_column][vc_separator][\/vc_column][\/vc_row][vc_row gap=&#8221;5&#8243;][vc_column width=&#8221;1\/2&#8243;][vc_custom_heading text=&#8221;MICROSOLAR\u2122 PRO Systems&#8221; font_container=&#8221;tag:h2|text_align:left|color:%23ee7401&#8243; google_fonts=&#8221;font_family:Raleway%3A100%2C200%2C300%2Cregular%2C500%2C600%2C700%2C800%2C900|font_style:400%20regular%3A400%3Anormal&#8221; link=&#8221;url:https%3A%2F%2Fwww.xunzel.com%2Fstore%2Fcategoria-producto%2Fmicrosolar%2Fmicrosolar-pro-systems%2F&#8221;][vc_column_text]<strong>Sistemas de energ\u00eda aut\u00f3noma y de respaldo especialmente dise\u00f1ados para IoT \/ IIoT, Sensores, Monitorizaci\u00f3n, Telemetr\u00eda, Control\u2026.<\/strong><\/p>\n<p>Dise\u00f1ados y fabricados para suministrar energ\u00eda fiable y eficiente. Universales.<br \/>\nSin Mantenimiento. Completos y Listos para usar. F\u00e1cil conexi\u00f3n.<br \/>\nConstruidos con materiales y componentes de excelente calidad y resistencia para una larga vida \u00fatil.<\/p>\n<p><strong>Amplio rango de modelos. <\/strong>[\/vc_column_text][mvc_advanced_button btn_animation=&#8221;button&#8211;ujarak&#8221; btn_text=&#8221;MICROSOLAR\u2122 PRO Systems&#8221; padding_top=&#8221;5&#8243; padding_left=&#8221;12&#8243; border_style=&#8221;solid&#8221; border_width=&#8221;1&#8243; btn_size=&#8221;14&#8243; use_theme_fonts=&#8221;yes&#8221; btn_url=&#8221;url:https%3A%2F%2Fwww.xunzel.com%2Fstore%2Fcategoria-producto%2Fmicrosolar%2Fmicrosolar-pro-systems%2F|||&#8221; btn_clr=&#8221;#000000&#8243; btn_bg=&#8221;#ffffff&#8221; btn_hvrclr=&#8221;#ffffff&#8221; btn_hvrbg=&#8221;#000000&#8243; btn_border=&#8221;#000000&#8243; btn_radius=&#8221;0&#8243;][\/vc_column][vc_column width=&#8221;1\/2&#8243;][vc_row_inner][vc_column_inner][vc_single_image image=&#8221;10477&#8243; img_size=&#8221;515&#215;515&#8243; onclick=&#8221;link_image&#8221;][\/vc_column_inner][\/vc_row_inner][\/vc_column][\/vc_row][vc_row disable_element=&#8221;yes&#8221; css=&#8221;.vc_custom_1612442971007{margin-top: 15px !important;margin-bottom: 15px !important;}&#8221;][vc_column][vc_separator][\/vc_column][\/vc_row][vc_row disable_element=&#8221;yes&#8221;][vc_column width=&#8221;1\/2&#8243;][vc_custom_heading text=&#8221;Accesorios&#8221; font_container=&#8221;tag:h2|text_align:left|color:%23ee7401&#8243; google_fonts=&#8221;font_family:Raleway%3A100%2C200%2C300%2Cregular%2C500%2C600%2C700%2C800%2C900|font_style:400%20regular%3A400%3Anormal&#8221;][vc_column_text]<strong>Sistemas de energ\u00eda aut\u00f3noma y de respaldo para automatismos, motorizaciones y control de accesos.<\/strong><\/p>\n<p><strong>Dise\u00f1ados y fabricados para suministrar energ\u00eda fiable y eficiente.<\/strong><br \/>\n<strong>Universales. Sin Mantenimiento. Completos y Listos para usar.<\/strong><\/p>\n<p>Soluciones para todo tipo de automatismos (9V, 12V, 24V, 36V, 48V y 230V) <strong>F\u00e1cilmente ampliables. R\u00e1pida puesta en marcha en cualquier ubicaci\u00f3n.<\/strong>[\/vc_column_text][vc_row_inner content_placement=&#8221;middle&#8221;][vc_column_inner width=&#8221;1\/2&#8243;][mvc_advanced_button btn_animation=&#8221;button&#8211;ujarak&#8221; btn_text=&#8221;Accesorios&#8221; padding_top=&#8221;5&#8243; padding_left=&#8221;12&#8243; border_style=&#8221;solid&#8221; border_width=&#8221;1&#8243; btn_size=&#8221;14&#8243; use_theme_fonts=&#8221;yes&#8221; btn_url=&#8221;url:https%3A%2F%2Fwww.xunzel.com%2Fstore%2Fnewsite%2Fcategoria-producto%2Fmicrosolar%2Fmicrosolar-accesorios%2F|||&#8221; btn_clr=&#8221;#000000&#8243; btn_bg=&#8221;#ffffff&#8221; btn_hvrclr=&#8221;#ffffff&#8221; btn_hvrbg=&#8221;#000000&#8243; btn_border=&#8221;#000000&#8243; btn_radius=&#8221;0&#8243;][\/vc_column_inner][vc_column_inner width=&#8221;1\/2&#8243;][vc_single_image image=&#8221;10293&#8243; img_size=&#8221;292&#215;280&#8243; onclick=&#8221;link_image&#8221;][\/vc_column_inner][\/vc_row_inner][\/vc_column][vc_column width=&#8221;1\/2&#8243;][vc_single_image image=&#8221;10295&#8243; img_size=&#8221;620&#215;594&#8243; onclick=&#8221;link_image&#8221;][\/vc_column][\/vc_row][vc_column][\/vc_column][vc_row][vc_column][\/vc_column][\/vc_row]<\/p>\n<\/div>","protected":false},"excerpt":{"rendered":"<p>[vc_row full_width=&#8221;stretch_row&#8221; css=&#8221;.vc_custom_1613030957251{background-color: #000000 !important;}&#8221;][vc_column][\/vc_column][\/vc_row][vc_row css=&#8221;.vc_custom_1612443448868{margin-top: 30px !important;}&#8221;][vc_column width=&#8221;1\/2&#8243;][vc_custom_heading text=&#8221;MICROSOLAR\u2122 Panel Series&#8221; font_container=&#8221;tag:h2|text_align:left|color:%23ee7401&#8243; google_fonts=&#8221;font_family:Raleway%3A100%2C200%2C300%2Cregular%2C500%2C600%2C700%2C800%2C900|font_style:400%20regular%3A400%3Anormal&#8221; link=&#8221;url:https%3A%2F%2Fwww.xunzel.com%2Fstore%2Fcategoria-producto%2Fmicrosolar%2Fmicrosolar-panel-series%2F&#8221;][vc_column_text]Micro Paneles Solares Fotovoltaicos de alta [&hellip;]<\/p>\n","protected":false},"author":1,"featured_media":0,"parent":0,"menu_order":0,"comment_status":"closed","ping_status":"closed","template":"","meta":{"_acf_changed":false,"footnotes":""},"class_list":["post-7837","page","type-page","status-publish","hentry"],"acf":[],"yoast_head":"<!-- This site is optimized with the Yoast SEO plugin v25.4 - https:\/\/yoast.com\/wordpress\/plugins\/seo\/ -->\n<title>MICROSOLAR\u2122 &#8211; Xunzel<\/title>\n<meta name=\"description\" content=\"Micro-paneles Solares Fotovoltaicos y Sistemas de Energ\u00eda de alto rendimiento para integrar en tus creaciones y dise\u00f1os\" \/>\n<meta name=\"robots\" content=\"index, follow, max-snippet:-1, max-image-preview:large, max-video-preview:-1\" \/>\n<link rel=\"canonical\" href=\"https:\/\/www.xunzel.com\/store\/microsolar\/\" \/>\n<meta property=\"og:locale\" content=\"es_ES\" \/>\n<meta property=\"og:type\" content=\"article\" \/>\n<meta property=\"og:title\" content=\"MICROSOLAR\u2122 &#8211; Xunzel\" \/>\n<meta property=\"og:description\" content=\"Micro-paneles Solares Fotovoltaicos y Sistemas de Energ\u00eda de alto rendimiento para integrar en tus creaciones y dise\u00f1os\" \/>\n<meta property=\"og:url\" content=\"https:\/\/www.xunzel.com\/store\/microsolar\/\" \/>\n<meta property=\"og:site_name\" content=\"Xunzel\" \/>\n<meta property=\"article:modified_time\" content=\"2026-02-16T10:17:52+00:00\" \/>\n<meta property=\"og:image\" content=\"https:\/\/www.xunzel.com\/store\/wp-content\/uploads\/2024\/02\/HOME-XUNZEL_W.jpg\" \/>\n\t<meta property=\"og:image:width\" content=\"2000\" \/>\n\t<meta property=\"og:image:height\" content=\"2000\" \/>\n\t<meta property=\"og:image:type\" content=\"image\/jpeg\" \/>\n<meta name=\"twitter:card\" content=\"summary_large_image\" \/>\n<meta name=\"twitter:label1\" content=\"Tiempo de lectura\" \/>\n\t<meta name=\"twitter:data1\" content=\"2 minutos\" \/>\n<script type=\"application\/ld+json\" class=\"yoast-schema-graph\">{\"@context\":\"https:\/\/schema.org\",\"@graph\":[{\"@type\":\"WebPage\",\"@id\":\"https:\/\/www.xunzel.com\/store\/microsolar\/\",\"url\":\"https:\/\/www.xunzel.com\/store\/microsolar\/\",\"name\":\"MICROSOLAR\u2122 &#8211; Xunzel\",\"isPartOf\":{\"@id\":\"https:\/\/www.xunzel.com\/store\/#website\"},\"datePublished\":\"2020-09-14T10:42:28+00:00\",\"dateModified\":\"2026-02-16T10:17:52+00:00\",\"description\":\"Micro-paneles Solares Fotovoltaicos y Sistemas de Energ\u00eda de alto rendimiento para integrar en tus creaciones y dise\u00f1os\",\"breadcrumb\":{\"@id\":\"https:\/\/www.xunzel.com\/store\/microsolar\/#breadcrumb\"},\"inLanguage\":\"es\",\"potentialAction\":[{\"@type\":\"ReadAction\",\"target\":[\"https:\/\/www.xunzel.com\/store\/microsolar\/\"]}]},{\"@type\":\"BreadcrumbList\",\"@id\":\"https:\/\/www.xunzel.com\/store\/microsolar\/#breadcrumb\",\"itemListElement\":[{\"@type\":\"ListItem\",\"position\":1,\"name\":\"Portada\",\"item\":\"https:\/\/www.xunzel.com\/store\/\"},{\"@type\":\"ListItem\",\"position\":2,\"name\":\"MICROSOLAR\u2122\"}]},{\"@type\":\"WebSite\",\"@id\":\"https:\/\/www.xunzel.com\/store\/#website\",\"url\":\"https:\/\/www.xunzel.com\/store\/\",\"name\":\"Xunzel\",\"description\":\"Energy in a box - The Electric Revolution\",\"publisher\":{\"@id\":\"https:\/\/www.xunzel.com\/store\/#organization\"},\"potentialAction\":[{\"@type\":\"SearchAction\",\"target\":{\"@type\":\"EntryPoint\",\"urlTemplate\":\"https:\/\/www.xunzel.com\/store\/?s={search_term_string}\"},\"query-input\":{\"@type\":\"PropertyValueSpecification\",\"valueRequired\":true,\"valueName\":\"search_term_string\"}}],\"inLanguage\":\"es\"},{\"@type\":\"Organization\",\"@id\":\"https:\/\/www.xunzel.com\/store\/#organization\",\"name\":\"Xunzel\",\"url\":\"https:\/\/www.xunzel.com\/store\/\",\"logo\":{\"@type\":\"ImageObject\",\"inLanguage\":\"es\",\"@id\":\"https:\/\/www.xunzel.com\/store\/#\/schema\/logo\/image\/\",\"url\":\"https:\/\/www.xunzel.com\/store\/wp-content\/uploads\/2021\/01\/logo-xunzel-footer.png\",\"contentUrl\":\"https:\/\/www.xunzel.com\/store\/wp-content\/uploads\/2021\/01\/logo-xunzel-footer.png\",\"width\":280,\"height\":52,\"caption\":\"Xunzel\"},\"image\":{\"@id\":\"https:\/\/www.xunzel.com\/store\/#\/schema\/logo\/image\/\"}}]}<\/script>\n<!-- \/ Yoast SEO plugin. -->","yoast_head_json":{"title":"MICROSOLAR\u2122 &#8211; Xunzel","description":"Micro-paneles Solares Fotovoltaicos y Sistemas de Energ\u00eda de alto rendimiento para integrar en tus creaciones y dise\u00f1os","robots":{"index":"index","follow":"follow","max-snippet":"max-snippet:-1","max-image-preview":"max-image-preview:large","max-video-preview":"max-video-preview:-1"},"canonical":"https:\/\/www.xunzel.com\/store\/microsolar\/","og_locale":"es_ES","og_type":"article","og_title":"MICROSOLAR\u2122 &#8211; Xunzel","og_description":"Micro-paneles Solares Fotovoltaicos y Sistemas de Energ\u00eda de alto rendimiento para integrar en tus creaciones y dise\u00f1os","og_url":"https:\/\/www.xunzel.com\/store\/microsolar\/","og_site_name":"Xunzel","article_modified_time":"2026-02-16T10:17:52+00:00","og_image":[{"width":2000,"height":2000,"url":"https:\/\/www.xunzel.com\/store\/wp-content\/uploads\/2024\/02\/HOME-XUNZEL_W.jpg","type":"image\/jpeg"}],"twitter_card":"summary_large_image","twitter_misc":{"Tiempo de lectura":"2 minutos"},"schema":{"@context":"https:\/\/schema.org","@graph":[{"@type":"WebPage","@id":"https:\/\/www.xunzel.com\/store\/microsolar\/","url":"https:\/\/www.xunzel.com\/store\/microsolar\/","name":"MICROSOLAR\u2122 &#8211; Xunzel","isPartOf":{"@id":"https:\/\/www.xunzel.com\/store\/#website"},"datePublished":"2020-09-14T10:42:28+00:00","dateModified":"2026-02-16T10:17:52+00:00","description":"Micro-paneles Solares Fotovoltaicos y Sistemas de Energ\u00eda de alto rendimiento para integrar en tus creaciones y dise\u00f1os","breadcrumb":{"@id":"https:\/\/www.xunzel.com\/store\/microsolar\/#breadcrumb"},"inLanguage":"es","potentialAction":[{"@type":"ReadAction","target":["https:\/\/www.xunzel.com\/store\/microsolar\/"]}]},{"@type":"BreadcrumbList","@id":"https:\/\/www.xunzel.com\/store\/microsolar\/#breadcrumb","itemListElement":[{"@type":"ListItem","position":1,"name":"Portada","item":"https:\/\/www.xunzel.com\/store\/"},{"@type":"ListItem","position":2,"name":"MICROSOLAR\u2122"}]},{"@type":"WebSite","@id":"https:\/\/www.xunzel.com\/store\/#website","url":"https:\/\/www.xunzel.com\/store\/","name":"Xunzel","description":"Energy in a box - The Electric Revolution","publisher":{"@id":"https:\/\/www.xunzel.com\/store\/#organization"},"potentialAction":[{"@type":"SearchAction","target":{"@type":"EntryPoint","urlTemplate":"https:\/\/www.xunzel.com\/store\/?s={search_term_string}"},"query-input":{"@type":"PropertyValueSpecification","valueRequired":true,"valueName":"search_term_string"}}],"inLanguage":"es"},{"@type":"Organization","@id":"https:\/\/www.xunzel.com\/store\/#organization","name":"Xunzel","url":"https:\/\/www.xunzel.com\/store\/","logo":{"@type":"ImageObject","inLanguage":"es","@id":"https:\/\/www.xunzel.com\/store\/#\/schema\/logo\/image\/","url":"https:\/\/www.xunzel.com\/store\/wp-content\/uploads\/2021\/01\/logo-xunzel-footer.png","contentUrl":"https:\/\/www.xunzel.com\/store\/wp-content\/uploads\/2021\/01\/logo-xunzel-footer.png","width":280,"height":52,"caption":"Xunzel"},"image":{"@id":"https:\/\/www.xunzel.com\/store\/#\/schema\/logo\/image\/"}}]}},"_links":{"self":[{"href":"https:\/\/www.xunzel.com\/store\/wp-json\/wp\/v2\/pages\/7837","targetHints":{"allow":["GET"]}}],"collection":[{"href":"https:\/\/www.xunzel.com\/store\/wp-json\/wp\/v2\/pages"}],"about":[{"href":"https:\/\/www.xunzel.com\/store\/wp-json\/wp\/v2\/types\/page"}],"author":[{"embeddable":true,"href":"https:\/\/www.xunzel.com\/store\/wp-json\/wp\/v2\/users\/1"}],"replies":[{"embeddable":true,"href":"https:\/\/www.xunzel.com\/store\/wp-json\/wp\/v2\/comments?post=7837"}],"version-history":[{"count":2,"href":"https:\/\/www.xunzel.com\/store\/wp-json\/wp\/v2\/pages\/7837\/revisions"}],"predecessor-version":[{"id":25961,"href":"https:\/\/www.xunzel.com\/store\/wp-json\/wp\/v2\/pages\/7837\/revisions\/25961"}],"wp:attachment":[{"href":"https:\/\/www.xunzel.com\/store\/wp-json\/wp\/v2\/media?parent=7837"}],"curies":[{"name":"wp","href":"https:\/\/api.w.org\/{rel}","templated":true}]}}